4, what is 13313330 - 101?
13313223
In base 8, what is -546 + -115?
-663
In base 15, what is -215288 - 1?
-215289
In base 12, what is -3a3aa0 + -4?
-3a3aa4
In base 4, what is 12210121 - 110?
12210011
In base 3, what is 202 + -202111210?
-202111001
In base 4, what is 2 + 2012131?
2012133
In base 16, what is 2f0f - -4e?
2f5d
In base 15, what is 100 + 87?
187
In base 15, what is 48 - -345?
38d
In base 7, what is 0 + 1504156?
1504156
In base 11, what is -6a - 6998?
-6a57
In base 15, what is -1 + -1082?
-1083
In base 8, what is 5244 - -40?
5304
In base 7, what is 341 + 14500?
15141
In base 9, what is -1228065 + -4?
-1228070
In base 10, what is 31759 - 4?
31755
In base 6, what is -3 - 115505?
-115512
In base 7, what is 4 - -104562?
104566
In base 16, what is -3 - -2588?
2585
In base 3, what is 111 - -120101?
120212
In base 6, what is -1351 + 123?
-1224
In base 7, what is 2034 + 56?
2123
In base 13, what is a - -1ba55?
1ba62
In base 10, what is 12632 - -336?
12968
In base 15, what is -1 + 15bd0?
15bce
In base 15, what is 98 - a4?
-b
In base 7, what is 3 - 30150?
-30144
In base 4, what is 31333102 + 11?
31333113
In base 12, what is 31 + 131a?
134b
In base 2, what is -101101000011 + 1000?
-101100111011
In base 9, what is 43287 - -182?
43480
In base 12, what is 1582782 - 3?
158277b
In base 2, what is 11000110011010001 - 101?
11000110011001100
In base 14, what is 1 + 13a4?
13a5
In base 8, what is 10216 + -25?
10171
In base 16, what is -f748 + 2?
-f746
In base 16, what is -4fca + b9?
-4f11
In base 4, what is 2001023 - -3?
2001032
In base 6, what is -10 + 432401?
432351
In base 10, what is 4 + 10494?
10498
In base 14, what is 9 + -201?
-1d6
In base 16, what is -2c6 - 8a?
-350
In base 3, what is 1010210020101 + -12?
1010210020012
In base 8, what is 0 - -67734?
67734
In base 8, what is -2042 - 133?
-2175
In base 14, what is b3b - a?
b31
In base 15, what is -4 - -1760?
175b
In base 11, what is 5 - 7093?
-7089
In base 6, what is 5 - 2133343?
-2133334
In base 10, what is -4 - -120414?
120410
In base 14, what is -2 - -18c95?
18c93
In base 16, what is 5 + 13fd?
1402
In base 13, what is 2ca42 + 2?
2ca44
In base 7, what is 1353 - 113?
1240
In base 10, what is 156 - 167?
-11
In base 15, what is d84e - 0?
d84e
In base 8, what is 40637 - -113?
40752
In base 16, what is 5 - 116f?
-116a
In base 13, what is -3 + -840?
-843
In base 5, what is 4 + -44241?
-44232
In base 9, what is 83652 + -3?
83648
In base 10, what is 4286 - -289?
4575
In base 5, what is -331223 - 20?
-331243
In base 16, what is 199 - -576?
70f
In base 12, what is -11 - 35ba?
-360b
In base 5, what is -21240 - -133?
-21102
In base 15, what is 10 + 35?
45
In base 4, what is 1 + 31211113?
31211120
In base 11, what is 828 + 737?
1464
In base 5, what is 11123230 + 13?
11123243
In base 2, what is 1101110000110000111 - -10?
1101110000110001001
In base 3, what is -21210110 + 100?
-21210010
In base 7, what is -13 - 10115?
-10131
In base 10, what is -91763 - -4?
-91759
In base 3, what is 22 + 121021?
121120
In base 2, what is -10000011011 - -10?
-10000011001
In base 5, what is -20 + -1014401?
-1014421
In base 15, what is -12db - -86?
-1255
In base 11, what is -5 + a7077?
a7072
In base 6, what is -232505 - -55?
-232410
In base 7, what is -6 + -324142?
-324151
In base 11, what is -15135 - 18?
-15152
In base 4, what is -1100213 + -322?
-1101201
In base 16, what is bb0 - -5c?
c0c
In base 9, what is -54 + 1007?
843
In base 7, what is 0 - -53030?
53030
In base 13, what is -2 + -1288a?
-1288c
In base 16, what is 1d - -15ee7?
15f04
In base 4, what is -230011 + 10311?
-213100
In base 5, what is -113123 - 444?
-114122
In base 7, what is -2463 + 262?
-2201
In base 16, what is 11c73b + 2?
11c73d
In base 8, what is 214 + 10362?
10576
In base 11, what is 964 + a?
973
In base 7, what is 134 + 20020?
20154
In base 10, what is 14 - -549?
563
In base 3, what is 20000 + -10210?
2020
In base 4, what is 1313320 + -13?
1313301
In base 14, what is 2 - 3c54c?
-3c54a
In base 13, what is 87b - -3b9?
c67
In base 15, what is 195bec + -4?
195be8
In base 15, what is -117 - -14?
-103
In base 9, what is 70214 + 2?
70216
In base 13, what is -2b4445 + -3?
-2b4448
In base 7, what is 201 + 25250?
25451
In base 14, what is 24 - 142?
-11c
In base 11, what is 35 + 2314?
2349
In base 4, what is 21012332 + 2?
21013000
In base 15, what is 69c08c - 4?
69c088
In base 13, what is 1b - 4099?
-407b
In base 8, what is 3 + -310617?
-310614
In base 9, what is -25 + -8848?
-8874
In base 5, what is -14114434 - -3?
-14114431
In base 12, what is 13 - 15b?
-148
In base 5, what is 3 + -13034014?
-13034011
In base 3, what is -110020102011 + 11?
-110020102000
In base 8, what is -1073257 - -11?
-1073246
In base 5, what is -1 + -44240?
-44241
In base 16, what is -2 - 19010b?
-19010d
In base 11, what is 192a2 - 7?
19296
In base 2, what is -1100110 - -111110011?
110001101
In base 2, what is 10100100011001111101 + 110?
10100100011010000011
In base 12, what is -14 - -1603?
15ab
In base 10, what is -120 + 1845?
1725
In base 9, what is -57 - 85063?
-85131
In base 12, what is -74 + 10?
-64
In base 13, what is 564 + 64?
5c8
In base 2, what is 10 + 1111001110000000100?
1111001110000000110
In base 13, what is -abc0 - 9?
-abc9
In base 11, what is -1763 + a?
-1754
In base 5, what is -10 - 41003242?
-41003302
In base 11, what is 113a - 9?
1131
In base 13, what is -c + -17b5?
-17c4
In base 12, what is 20aa7 - -1?
20aa8
In base 2, what is 1010111010 - -11?
1010111101
In base 5, what is 14 + 114222444?
114223013
In base 15, what is -1 - 3279c?
-3279d
In base 3, what is 222110002 + 22?
222110101
In base 4, what is 2102213202 + -1?
2102213201
In base 11, what is 6 + -82500?
-824a5
In base 13, what is -1 - 35035?
-35036
In base 10, what is 983 + -123?
860
In base 3, what is -111 + -2121122000?
-2121122111
In base 10, what is 5 + -24393?
-24388
In base 3, what is -102222 - -122200?
12201
In base 14, what is 1573 + a?
157d
In base 4, what is 12111201 + -22?
12111113
In base 9, what is 0 + -58043?
-58043
In base 14, what is -19c63 + b?
-19c56
In base 16, what is d6 - -7b8?
88e
In base 13, what is 77 + 11472?
11519
In base 10, what is 12 - 901?
-889
In base 3, what is -120122 - -10212?
-102210
In base 9, what is 80 + -17237?
-17147
In base 9, what is -480 + -56?
-546
In base 14, what is 54 - -68b1?
6925
In base 2, what is 10100100001 + 1011?
10100101100
In base 6, what is -35511 - 25?
-35540
In base 2, what is 10011010110001110111 - -10?
10011010110001111001
In base 8, what is 3602023 - -5?
3602030
In base 2, what is -11011011110101 - 10?
-11011011110111
In base 3, what is -11102011002 - -2?
-11102011000
In base 3, what is 1011210 + 2110122?
10122102
In base 8, what is -31573 + -4?
-31577
In base 10, what is 112 - -498?
610
In base 15, what is -13c32 - -1?
-13c31
In base 4, what is 210 - -13233312?
13300122
In base 11, what is -4828 + 14?
-4814
In base 3, what is 1121121211100 + 1?
1121121211101
In base 3, what is 100122100 - -100?
100122200
In base 5, what is -4440 + -32?
-10022
In base 14, what is 4 + -1834?
-1830
In base 9, what is -60667 + 0?
-60667
In base 16, what is -1df36 + c?
-1df2a
In base 15, what is 5a + c04?
c5e
In base 16, what is -16b7 - -3d?
-167a
In base 9, what is -51205 + 5?
-51200
In base 9, what is -248 + 58?
-180
In base 13, what is 1a + -608?
-5bb
In base 11, what is -50 + 1386?
1336
In base 14, what is -26 - -583?
55b
In base 13, what is -b6 + c6?
10
In base 7, what is -30545 + 4?
-30541
In base 11, what is 0 + -14960?
-14960
In base 4, what is -213102132 + -3?
-213102201
In base 16, what is -9f - -1695?
15f6
In base 8, what is 130003 + -3?
130000
In base 7, what is -132 + -140?
-302
In base 8, what is -1405002 - -3?
-1404777
In base 5, what is -111410 - 114?
-112024
In base 2, what is -110000011001100 - -101?
-110000011000111
In base 6, what is -2512 + -4525?
-11441
In base 5, what is -10 + 22404002?
22403442
In base 7, what is -15 + 26004?
25656
In base 8, what is 13 - -11400?
11413
In base 13, what is -5558 - -11?
-5547
In base 13, what is -1a + -50ba?
-5107
In base 14, what is 6ad2 - 4?
6acc
In base 2, what is 100 - 1111111010100?
-1111111010000
In base 7, what is 120525 + -4?
120521
In base 16, what is 87e + 13?
891
In base 11, what is 29 + -68?
-3a
In base 8, wha